{"id":139,"date":"2023-07-21T23:17:44","date_gmt":"2023-07-21T21:17:44","guid":{"rendered":"http:\/\/twojarehabilitacja.com\/?page_id=139"},"modified":"2025-10-09T20:41:26","modified_gmt":"2025-10-09T18:41:26","slug":"cennik-2","status":"publish","type":"page","link":"https:\/\/twojarehabilitacja.com\/index.php\/cennik-2\/","title":{"rendered":"Cennik"},"content":{"rendered":"\n<p> <\/p>\n\n\n\n<p>FIZJOTRAPIA KOMPLEKSOWA<\/p>\n\n\n\n<p>180-200z\u0142(1h)<\/p>\n\n\n\n<p>MASA\u017b LECZNICZY <\/p>\n\n\n\n<p>180z\u0142 (1h)<\/p>\n\n\n\n<p>MASA\u017b KOBIDO<\/p>\n\n\n\n<p>280z\u0142 (1,5h)<\/p>\n\n\n\n<p>MASA\u017b SHAPING (G\u0141\u0118BOKO LIMFATYCZNY)<\/p>\n\n\n\n<p>250 z\u0142 (1h)<\/p>\n\n\n\n<p>MASA\u017b BENESSERE (W\u0141OSKI MASA\u017b NA :DOBRE SAMOPOCZUCIE, LIMFATYCZNY)<\/p>\n\n\n\n<p>230 z\u0142 (1h)<\/p>\n\n\n\n<p><\/p>\n","protected":false},"excerpt":{"rendered":"<p>FIZJOTRAPIA KOMPLEKSOWA 180-200z\u0142(1h) MASA\u017b LECZNICZY 180z\u0142 (1h) MASA\u017b KOBIDO 280z\u0142 (1,5h) MASA\u017b SHAPING (G\u0141\u0118BOKO LIMFATYCZNY) 250 z\u0142 (1h) MASA\u017b BENESSERE (W\u0141OSKI MASA\u017b NA :DOBRE SAMOPOCZUCIE, LIMFATYCZNY) 230 z\u0142 (1h)<\/p>\n","protected":false},"author":1,"featured_media":0,"parent":0,"menu_order":0,"comment_status":"closed","ping_status":"closed","template":"","meta":[],"_links":{"self":[{"href":"https:\/\/twojarehabilitacja.com\/index.php\/wp-json\/wp\/v2\/pages\/139"}],"collection":[{"href":"https:\/\/twojarehabilitacja.com\/index.php\/wp-json\/wp\/v2\/pages"}],"about":[{"href":"https:\/\/twojarehabilitacja.com\/index.php\/wp-json\/wp\/v2\/types\/page"}],"author":[{"embeddable":true,"href":"https:\/\/twojarehabilitacja.com\/index.php\/wp-json\/wp\/v2\/users\/1"}],"replies":[{"embeddable":true,"href":"https:\/\/twojarehabilitacja.com\/index.php\/wp-json\/wp\/v2\/comments?post=139"}],"version-history":[{"count":3,"href":"https:\/\/twojarehabilitacja.com\/index.php\/wp-json\/wp\/v2\/pages\/139\/revisions"}],"predecessor-version":[{"id":171,"href":"https:\/\/twojarehabilitacja.com\/index.php\/wp-json\/wp\/v2\/pages\/139\/revisions\/171"}],"wp:attachment":[{"href":"https:\/\/twojarehabilitacja.com\/index.php\/wp-json\/wp\/v2\/media?parent=139"}],"curies":[{"name":"wp","href":"https:\/\/api.w.org\/{rel}","templated":true}]}}